10) - 13).
2, 3, 19, 29
Suppose 0 = 33*c - 32*c - 2375. Suppose 4815 = 10*j - c. What are the prime factors of j?
719
Let z(d) = -d**3 + 13*d**2 - 13*d - 5. Let v(t) = t**3 + 19*t**2 + 17*t - 11. Let x be v(-18). What are the prime factors of z(x)?
2, 3, 11
Let z(c) = 122*c**3 + 6*c**2 - 106*c - 25. List the prime factors of z(8).
5, 37, 67
Suppose 7*w - 3*w + 79 = 5*x, 3*x - 2*w = 47. Let u be ((-12)/(-20))/(1/x). Suppose 12 = -8*t + u*t. List the prime factors of t.
2, 3
Let r(l) = -6*l - 51. Let p be r(-10). Let h = p + 122. What are the prime factors of h?
131
List the prime factors of -99*(8 - (-58)/(-6)) + -3.
2, 3
Suppose -409*s + 395*s - 546 = 0. Let a = 1600 + s. List the prime factors of a.
7, 223
Let c(q) = q**2 + 8*q - 104. Let r be c(-15). What are the prime factors of (18/15 - -2)/(r/5)?
2
Suppose -12*p + 318516 = -9*p + 19*p. What are the prime factors of p?
2, 3, 19, 127
List the prime factors of (-464440)/(-24) + (-609)/(-261).
2, 9677
Suppose -4*k = 4*a - 18 - 2, -2*a = 4*k - 12. Let v be 3/(-2)*(16/12 - 0). List the prime factors of (-255)/(-10) + v/a.
5
Let c(k) = 10*k - 48. Let i be c(5). Suppose -4*n - j = -i*j - 1628, n = -2*j + 398. List the prime factors of n.
2, 7, 29
Let f(d) = -3*d**2 + 11*d + 3. Let w(g) = -10*g**2 + 32*g + 9. Let k(r) = 7*f(r) - 2*w(r). Let j(h) = -2*h + 2. Let i be j(-3). List the prime factors of k(i).
43
Let j(m) = 54*m**3 + 9*m**2 + 200. List the prime factors of j(8).
2, 11, 17, 19
Suppose 526*y = 523*y + 2811. Let m = -146 + y. List the prime factors of m.
7, 113
Let d = 4 + 157. Let y = d + -119. Suppose y = v - 59. List the prime factors of v.
101
Suppose 0*r = -2*r - 114. List the prime factors of (-6)/(-4)*38/r - -167.
2, 83
Let u(z) = 22*z**2 + 26*z + 6. Let h be u(11). Suppose 4*b = 2474 + h. What are the prime factors of b?
23, 59
Let g = 102244 + -64065. What are the prime factors of g?
73, 523
Let d = 481 + 333. What are the prime factors of d?
2, 11, 37
Suppose -22*r = -7*r - 90. Suppose -3*a + 1042 = 5*c, 3*a + 3*c - 1050 = r*c. What are the prime factors of a?
349
Let f(o) = 508*o**2 - 49*o - 67. What are the prime factors of f(-8)?
7, 4691
Suppose 2 = r, -9730 = 4*m - 7*m - 2*r. Suppose 6319 - 1457 = 3*k - 5*b, 4*b + m = 2*k. What are the prime factors of k?
1619
Let i(z) = -2*z**2 + 23*z + 16. Let u be i(12). Let a be ((0/1)/u)/3. Suppose a = 8*v + 8*v - 3472. What are the prime factors of v?
7, 31
Let b(x) = 3*x**3 - 34*x**2 + 39*x - 12. What are the prime factors of b(17)?
2, 13, 107
Let m(n) = 3*n**3 + n + 6. Let p be m(6). Suppose -4*k = 3*t - p, k + 3*k - 2*t = 680. Let b = k + -88. What are the prime factors of b?
2, 5
What are the prime factors of ((-7510)/(-7))/((-590)/(-1652))?
2, 751
Let d(k) = 11*k + 112. Let h be d(-10). Suppose -h*q + 3014 = 4*p, 13*p - 10*p - 4512 = -3*q. What are the prime factors of q?
19, 79
Let i(g) = -1 + 5*g**2 + 4*g**2 - 3*g**3 - 5 + 5*g + 2*g**3. Suppose 16 = 2*y + 3*f, -y - 6 + 7 = -2*f. What are the prime factors of i(y)?
7, 17
Let p(c) = -5*c**3 - 11*c**2 - 4*c + 1. Let r be p(-9). Let d = 4053 - r. List the prime factors of (-20)/100 + d/10.
2, 3, 7
Let r(z) = -6*z**3 - 18*z**2 - 5*z - 25. Let y = -378 + 372. List the prime factors of r(y).
653
Suppose 0 = -2*d + 311*d - 3770109. What are the prime factors of d?
3, 7, 83
Let v(o) = -477*o + 58. Let m(k) = 159*k - 19. Let h(y) = -8*m(y) - 3*v(y). What are the prime factors of h(4)?
2, 307
Suppose 0 = 3*m - 16 + 58. Let n = m + 14. Suppose n*a = -4*a + 252. What are the prime factors of a?
3, 7
Suppose s = 4*d - 216253, -486567 = 6*d - 15*d + 2*s. List the prime factors of d.
7, 7723
Let i(o) = 148*o**2 - 229*o - 97. List the prime factors of i(13).
2, 7, 1567
List the prime factors of (1/(-6))/(-1) - (-27439412)/2904.
11, 859
Let c(n) = 3113*n**3 + 5 + 10*n + 11 + 17*n - 14*n**2 - 3112*n**3. Let l(p) = -4*p. Let j be l(-3). What are the prime factors of c(j)?
2, 13
Suppose -5*x - 4*v = -5, 5*x - 4*v - 4 = -39. What are the prime factors of (54/15 + -4)/(x/7515)?
2, 3, 167
Let u = 257 - 253. Suppose -u*x + 4*j = -1698 + 402, -x - 4*j + 339 = 0. List the prime factors of x.
3, 109
Suppose -g = 3*b - 46, 118 = 5*b + 5*g + 38. Suppose -5*m = -2*k + b, 5*k - 6 = 3*m + 3. List the prime factors of (68/(-3))/(m/27).
2, 3, 17
Let w(m) = 3*m**2 + 2*m + 110. Let t(s) = 2*s. Let c(y) = -4*t(y) + w(y). List the prime factors of c(-17).
13, 83
List the prime factors of 42/((21/(-35))/((-28238)/70)).
2, 7, 2017
Suppose 2*n - 36397 - 1122 = 6351. List the prime factors of n.
5, 41, 107
Let n be 2/(-4)*(-2 + 0). Suppose -4*c - 135 = n. Let i = c + 83. What are the prime factors of i?
7
Let w(g) = 3339*g**3 - 6*g**2 + 15*g - 14. List the prime factors of w(2).
2, 1669
Let w = -52516 + 75447. What are the prime factors of w?
23, 997
List the prime factors of (-53 - -51)/((-3)/10950).
2, 5, 73
Let c(j) be the first derivative of 21*j**2/2 + 29*j + 50. List the prime factors of c(14).
17, 19
Let z = 78 + -56. Let a be (-6)/33 - (-4602)/z. Let m = a + -110. List the prime factors of m.
3, 11
Suppose 5 = -18*a + 41. What are the prime factors of (-9156)/(-7) + (-5)/(a + 3)?
1307
Let q(k) = 175*k + 6. Suppose -6 + 4 = i + r, 0 = 4*i + r + 5. Let x be -5 + (-21)/(-7) - (i + -2). What are the prime factors of q(x)?
181
Let x be (13028/6)/(4/(-6)). Let s = -1829 - x. List the prime factors of s.
2, 3, 7, 17
Let c(j) = 322*j - 1797. What are the prime factors of c(39)?
3, 17, 211
Suppose -2*j + 16898 = 4*c, 3*c + 3*c - 16886 = -2*j. What are the prime factors of j?
8461
Suppose 47 + 23 = 7*b. List the prime factors of 338/b + (-32)/40.
3, 11
Let x = 6 + -7. Let c(j) = 8*j + 2. Let r be c(x). List the prime factors of 3 + 94*(-3)/r.
2, 5
Let r(f) = -f**3 - 7*f**2 - 12*f + 4. Let d be 9/7 - 1 - (-2244)/(-357). Let z = 0 + d. What are the prime factors of r(z)?
2, 5
List the prime factors of 2147292/117 + -12 - 5/(-65).
18341
Let x(s) = s**3 + 6*s**2 + 2*s - 5. Let j be x(-5). Let u(n) = 3*n - 17. Let f be u(j). Let y(q) = -q**3 + 13*q**2 + 3*q + 2. List the prime factors of y(f).
41
Suppose -72 = -2*o + 144. Suppose 3*f + f = -o. Let a = f - -34. List the prime factors of a.
7
Suppose 14*l - 200188 = -5*l + 172288. What are the prime factors of l?
2, 13, 29
Suppose 0 = h - 0*k + 5*k - 29, 2*h = -2*k + 18. Suppose t = -3 - h. Let c(o) = -2*o**3 - 14*o**2 + 2*o + 17. List the prime factors of c(t).
3
Suppose 0 = -10*b - 779 - 3051. Let y = b + 682. List the prime factors of y.
13, 23
Let z(v) = -5*v**3 - v**3 - 5*v**3 + 3*v**2 + v - 37*v**3 - 8. List the prime factors of z(-2).
2, 193
Let q = -304 + 305. List the prime factors of (2 - q)*-1 - (-673 - -17).
5, 131
Let g = -2653 + 3757. Suppose g = 7*p + 5*p. What are the prime factors of p?
2, 23
Let i = -45 + 69. Suppose 4*k + q + 2 - 104 = 0, 5*k + q = 127. Let y = i + k. List the prime factors of y.
7
Let t(a) = 26*a - 5. Let y be t(-2). Let b = 170 + y. Let k = -6 + b. List the prime factors of k.
107
Suppose s = -131 + 554. Suppose -105 = 6*f - s. Let x = f + -37. List the prime factors of x.
2
Let l(v) = 4*v - 6. Suppose 89 - 25 = -2*z. Let a = z - -49. List the prime factors of l(a).
2, 31
Suppose -5*x - 2*v + 783 = 0, -56*v + 158 = x - 57*v. Suppose x*u - 165*u = -7768. List the prime factors of u.
971
What are the prime factors of (4*(85/10 + -9))/((-2)/29816)?
2, 3727
Suppose 3*l - 11 = 4. List the prime factors of l + 4/4 + 167.
173
Let h(j) = 10*j**3 + j**2 - 5*j + 4. Let b = 92 - 89. Let n be h(b). Suppose 4*i - n - 528 = 0. List the prime factors of i.
199
Let y = 19395 + 106. Suppose 40*a - 62261 = -y. What are the prime factors of a?
1069
List the prime factors of 12 + (-451)/33 + 81440/12.
5, 23, 59
Let r = 81 + -78. Suppose -76 - 131 = -r*w. List the prime factors of w.
3, 23
Let s be 1 - (-3 - 1 - -1509). Let r = s + -58. List the prime factors of r/(-33)*(-6)/(-4).
71
Suppose 42*q - 142915 = 695489. List the prime factors of q.
2, 3, 1109
List the prime factors of 1/((-16)/(-217056)*1).
2, 3, 7, 17, 19
Let s(c) = c - 26 - 2*c + 5*c. Let r be s(7). Suppose 5*m - 261 = r*u, m + 216 = 5*m - 4*u. List the prime factors of m.
3, 17
Suppose -x - 11 = -5*v, -4*x + 2*v + 19 = 3*v. What are the prime factors of (84588/(-126))/(x/(-6))?
19, 53
Let x = -